{"id":85,"date":"2023-10-26T08:38:46","date_gmt":"2023-10-26T06:38:46","guid":{"rendered":"https:\/\/barrelubrifiant.com\/?page_id=85"},"modified":"2023-11-23T15:24:02","modified_gmt":"2023-11-23T14:24:02","slug":"motor-oil-for-car","status":"publish","type":"page","link":"https:\/\/barrelubrifiant.com\/index.php\/motor-oil-for-car\/","title":{"rendered":"0W20"},"content":{"rendered":"\n<div class=\"wp-block-columns is-layout-flex wp-container-core-columns-is-layout-9d6595d7 wp-block-columns-is-layout-flex\">\n<div class=\"wp-block-column is-layout-flow wp-block-column-is-layout-flow\" style=\"flex-basis:66.66%\"><div class=\"gb-container gb-container-dfcf5d8f\">\n\n<figure class=\"wp-block-image size-large is-resized\"><img decoding=\"async\" src=\"http:\/\/barrelubrifiant.com\/wp-content\/uploads\/2023\/11\/FE-MO-0W20-C6-Descriptif-1024x923.png\" alt=\"\" class=\"wp-image-180\" style=\"width:353px;height:auto\"\/><\/figure>\n\n\n<div class=\"gb-container gb-container-0da35603\">\n\n<p>Barrel E-MO 0W-20 C5 est une huile moteur aux performances sup\u00e9rieures, qui permet une \u00e9conomie de carburant. Elle convient pour les moteurs essence et diesel des voitures de tourisme et v\u00e9hicules utilitaires lorsque le constructeur recommande un lubrifiant de grade SAE 0W-20 r\u00e9pondant \u00e0 la norme ACEA C5.<\/p>\n\n<\/div>\n<\/div><\/div>\n\n\n\n<div class=\"wp-block-column is-layout-flow wp-block-column-is-layout-flow\" style=\"flex-basis:33.33%\"><div class=\"wp-block-image\">\n<figure class=\"alignright size-large is-resized\"><img loading=\"lazy\" decoding=\"async\" width=\"589\" height=\"1024\" src=\"http:\/\/barrelubrifiant.com\/wp-content\/uploads\/2023\/11\/Bidon-5L-FE-MO-0W20-C6-589x1024.png\" alt=\"\" class=\"wp-image-184\" style=\"width:295px\" srcset=\"https:\/\/barrelubrifiant.com\/wp-content\/uploads\/2023\/11\/Bidon-5L-FE-MO-0W20-C6-589x1024.png 589w, https:\/\/barrelubrifiant.com\/wp-content\/uploads\/2023\/11\/Bidon-5L-FE-MO-0W20-C6-600x1043.png 600w, https:\/\/barrelubrifiant.com\/wp-content\/uploads\/2023\/11\/Bidon-5L-FE-MO-0W20-C6-173x300.png 173w, https:\/\/barrelubrifiant.com\/wp-content\/uploads\/2023\/11\/Bidon-5L-FE-MO-0W20-C6-768x1335.png 768w, https:\/\/barrelubrifiant.com\/wp-content\/uploads\/2023\/11\/Bidon-5L-FE-MO-0W20-C6-883x1536.png 883w, https:\/\/barrelubrifiant.com\/wp-content\/uploads\/2023\/11\/Bidon-5L-FE-MO-0W20-C6-1178x2048.png 1178w, https:\/\/barrelubrifiant.com\/wp-content\/uploads\/2023\/11\/Bidon-5L-FE-MO-0W20-C6-700x1217.png 700w, https:\/\/barrelubrifiant.com\/wp-content\/uploads\/2023\/11\/Bidon-5L-FE-MO-0W20-C6.png 1723w\" sizes=\"auto, (max-width: 589px) 100vw, 589px\" \/><\/figure>\n<\/div><\/div>\n<\/div>\n\n\n\n<div class=\"wp-block-columns is-layout-flex wp-container-core-columns-is-layout-9d6595d7 wp-block-columns-is-layout-flex\">\n<div class=\"wp-block-column is-layout-flow wp-block-column-is-layout-flow\"><div class=\"gb-container gb-container-e9009c8b\">\n\n<figure class=\"wp-block-image size-large is-resized is-style-default\"><img decoding=\"async\" src=\"http:\/\/barrelubrifiant.com\/wp-content\/uploads\/2023\/11\/E-MO-0W20-C5Descriptif-1024x818.png\" alt=\"\" class=\"wp-image-177\" style=\"aspect-ratio:0.9769230769230769;object-fit:contain;width:315px;height:auto\"\/><\/figure>\n\n<\/div>\n\n<div class=\"gb-container gb-container-36c57d9b\">\n\n<p>BARREL  T3 SPECIAL HYBRID SAE 0W20 C5 is a full synthetic high-performance engine oil. It is recommended for all types of modern vehicles<\/p>\n\n<\/div><\/div>\n\n\n\n<div class=\"wp-block-column is-vertically-aligned-top is-layout-flow wp-block-column-is-layout-flow\" style=\"font-size:0px\"><div class=\"wp-block-image\">\n<figure class=\"alignright size-large is-resized\"><img loading=\"lazy\" decoding=\"async\" width=\"589\" height=\"1024\" src=\"http:\/\/barrelubrifiant.com\/wp-content\/uploads\/2023\/11\/Bidon-5L-E-MO-0W20-C5-589x1024.png\" alt=\"\" class=\"wp-image-181\" style=\"aspect-ratio:0.5751953125;object-fit:cover;width:295px\" srcset=\"https:\/\/barrelubrifiant.com\/wp-content\/uploads\/2023\/11\/Bidon-5L-E-MO-0W20-C5-589x1024.png 589w, https:\/\/barrelubrifiant.com\/wp-content\/uploads\/2023\/11\/Bidon-5L-E-MO-0W20-C5-600x1043.png 600w, https:\/\/barrelubrifiant.com\/wp-content\/uploads\/2023\/11\/Bidon-5L-E-MO-0W20-C5-173x300.png 173w, https:\/\/barrelubrifiant.com\/wp-content\/uploads\/2023\/11\/Bidon-5L-E-MO-0W20-C5-768x1335.png 768w, https:\/\/barrelubrifiant.com\/wp-content\/uploads\/2023\/11\/Bidon-5L-E-MO-0W20-C5-883x1536.png 883w, https:\/\/barrelubrifiant.com\/wp-content\/uploads\/2023\/11\/Bidon-5L-E-MO-0W20-C5-1178x2048.png 1178w, https:\/\/barrelubrifiant.com\/wp-content\/uploads\/2023\/11\/Bidon-5L-E-MO-0W20-C5-700x1217.png 700w, https:\/\/barrelubrifiant.com\/wp-content\/uploads\/2023\/11\/Bidon-5L-E-MO-0W20-C5.png 1723w\" sizes=\"auto, (max-width: 589px) 100vw, 589px\" \/><\/figure>\n<\/div><\/div>\n<\/div>\n\n\n\n<div class=\"wp-block-columns is-layout-flex wp-container-core-columns-is-layout-9d6595d7 wp-block-columns-is-layout-flex\">\n<div class=\"wp-block-column is-layout-flow wp-block-column-is-layout-flow\" style=\"flex-basis:66.66%\"><div class=\"gb-container gb-container-c5182d8f\">\n\n<figure class=\"wp-block-image size-large is-resized is-style-default\"><img decoding=\"async\" src=\"http:\/\/barrelubrifiant.com\/wp-content\/uploads\/2023\/11\/X-MO-0W20-C6-Descriptif-1024x882.png\" alt=\"\" class=\"wp-image-172\" style=\"aspect-ratio:0.9769230769230769;object-fit:contain;width:358px;height:auto\"\/><\/figure>\n\n<\/div>\n\n<div class=\"gb-container gb-container-f082c361\">\n\n<p>X-MO 0W-20 C6 est une huile moteur aux performances sup\u00e9rieures, qui permet une \u00e9conomie de carburant. Elle convient pour les moteurs essence, GPL et diesel des voitures de tourisme et v\u00e9hicules utilitaires lorsque le constructeur recommande un lubrifiant de grade SAE 0W-20 r\u00e9pondant \u00e0 la norme ACEA C6.<br>X-MO 0W-20 C6 convient tout particuli\u00e8rement pour les derniers mod\u00e8les FORD exigeant la sp\u00e9cification <strong>WSS-M2C-952A1<\/strong> et la norme <strong>ACEA C6<\/strong><\/p>\n\n<\/div><\/div>\n\n\n\n<div class=\"wp-block-column is-layout-flow wp-block-column-is-layout-flow\" style=\"flex-basis:33.33%\"><div class=\"wp-block-image\">\n<figure class=\"alignright size-large is-resized\"><img loading=\"lazy\" decoding=\"async\" width=\"589\" height=\"1024\" src=\"http:\/\/barrelubrifiant.com\/wp-content\/uploads\/2023\/11\/Bidon-5L-X-MO-0W20-C5-589x1024.png\" alt=\"\" class=\"wp-image-191\" style=\"width:295px;height:auto\" srcset=\"https:\/\/barrelubrifiant.com\/wp-content\/uploads\/2023\/11\/Bidon-5L-X-MO-0W20-C5-589x1024.png 589w, https:\/\/barrelubrifiant.com\/wp-content\/uploads\/2023\/11\/Bidon-5L-X-MO-0W20-C5-600x1043.png 600w, https:\/\/barrelubrifiant.com\/wp-content\/uploads\/2023\/11\/Bidon-5L-X-MO-0W20-C5-173x300.png 173w, https:\/\/barrelubrifiant.com\/wp-content\/uploads\/2023\/11\/Bidon-5L-X-MO-0W20-C5-768x1335.png 768w, https:\/\/barrelubrifiant.com\/wp-content\/uploads\/2023\/11\/Bidon-5L-X-MO-0W20-C5-883x1536.png 883w, https:\/\/barrelubrifiant.com\/wp-content\/uploads\/2023\/11\/Bidon-5L-X-MO-0W20-C5-1178x2048.png 1178w, https:\/\/barrelubrifiant.com\/wp-content\/uploads\/2023\/11\/Bidon-5L-X-MO-0W20-C5-700x1217.png 700w, https:\/\/barrelubrifiant.com\/wp-content\/uploads\/2023\/11\/Bidon-5L-X-MO-0W20-C5.png 1723w\" sizes=\"auto, (max-width: 589px) 100vw, 589px\" \/><\/figure>\n<\/div><\/div>\n<\/div>\n\n\n\n<div class=\"wp-block-columns is-layout-flex wp-container-core-columns-is-layout-9d6595d7 wp-block-columns-is-layout-flex\">\n<div class=\"wp-block-column is-layout-flow wp-block-column-is-layout-flow\" style=\"flex-basis:66.66%\"><div class=\"gb-container gb-container-ffc1ce52\">\n\n<figure class=\"wp-block-image size-large is-resized is-style-default\"><img decoding=\"async\" src=\"http:\/\/barrelubrifiant.com\/wp-content\/uploads\/2023\/11\/X-MO-0W20-C5-Descriptif-1024x797.png\" alt=\"\" class=\"wp-image-171\" style=\"aspect-ratio:0.9769230769230769;object-fit:contain;width:358px;height:auto\"\/><\/figure>\n\n<\/div>\n\n<div class=\"gb-container gb-container-2184117f\">\n\n<p>X-MO 0W-20 C5 est une huile moteur aux performances sup\u00e9rieures, qui permet une \u00e9conomie de carburant. Elle convient pour les moteurs essence et diesel des voitures de tourisme et v\u00e9hicules utilitaires lorsque le constructeur recommande un lubrifiant de grade SAE 0W-20 r\u00e9pondant \u00e0 la norme ACEA C5.<br>X-MO 0W-20 C5 convient tout particuli\u00e8rement pour les derniers mod\u00e8les du groupe PSA PEUGEOT CITRO\u00cbN exigeant la sp\u00e9cification <strong>PSA B71 2010<\/strong>.<\/p>\n\n<\/div><\/div>\n\n\n\n<div class=\"wp-block-column is-layout-flow wp-block-column-is-layout-flow\" style=\"flex-basis:33.33%\"><div class=\"wp-block-image\">\n<figure class=\"alignright size-large is-resized\"><img loading=\"lazy\" decoding=\"async\" width=\"589\" height=\"1024\" src=\"http:\/\/barrelubrifiant.com\/wp-content\/uploads\/2023\/11\/Bidon-5L-X-MO-0W20-C5-589x1024.png\" alt=\"\" class=\"wp-image-191\" style=\"aspect-ratio:0.5751953125;object-fit:cover;width:295px\" srcset=\"https:\/\/barrelubrifiant.com\/wp-content\/uploads\/2023\/11\/Bidon-5L-X-MO-0W20-C5-589x1024.png 589w, https:\/\/barrelubrifiant.com\/wp-content\/uploads\/2023\/11\/Bidon-5L-X-MO-0W20-C5-600x1043.png 600w, https:\/\/barrelubrifiant.com\/wp-content\/uploads\/2023\/11\/Bidon-5L-X-MO-0W20-C5-173x300.png 173w, https:\/\/barrelubrifiant.com\/wp-content\/uploads\/2023\/11\/Bidon-5L-X-MO-0W20-C5-768x1335.png 768w, https:\/\/barrelubrifiant.com\/wp-content\/uploads\/2023\/11\/Bidon-5L-X-MO-0W20-C5-883x1536.png 883w, https:\/\/barrelubrifiant.com\/wp-content\/uploads\/2023\/11\/Bidon-5L-X-MO-0W20-C5-1178x2048.png 1178w, https:\/\/barrelubrifiant.com\/wp-content\/uploads\/2023\/11\/Bidon-5L-X-MO-0W20-C5-700x1217.png 700w, https:\/\/barrelubrifiant.com\/wp-content\/uploads\/2023\/11\/Bidon-5L-X-MO-0W20-C5.png 1723w\" sizes=\"auto, (max-width: 589px) 100vw, 589px\" \/><\/figure>\n<\/div><\/div>\n<\/div>\n\n\n\n<div class=\"wp-block-columns is-layout-flex wp-container-core-columns-is-layout-9d6595d7 wp-block-columns-is-layout-flex\">\n<div class=\"wp-block-column is-layout-flow wp-block-column-is-layout-flow\" style=\"flex-basis:66.66%\"><div class=\"gb-container gb-container-387ec753\">\n\n<figure class=\"wp-block-image size-large is-resized is-style-default\"><img loading=\"lazy\" decoding=\"async\" width=\"1024\" height=\"850\" src=\"http:\/\/barrelubrifiant.com\/wp-content\/uploads\/2023\/11\/S-MO-0W20-C5-Descriptif-1024x850.png\" alt=\"\" class=\"wp-image-166\" style=\"aspect-ratio:0.9769230769230769;object-fit:contain;width:358px;height:auto\" srcset=\"https:\/\/barrelubrifiant.com\/wp-content\/uploads\/2023\/11\/S-MO-0W20-C5-Descriptif-1024x850.png 1024w, https:\/\/barrelubrifiant.com\/wp-content\/uploads\/2023\/11\/S-MO-0W20-C5-Descriptif-600x498.png 600w, https:\/\/barrelubrifiant.com\/wp-content\/uploads\/2023\/11\/S-MO-0W20-C5-Descriptif-300x249.png 300w, https:\/\/barrelubrifiant.com\/wp-content\/uploads\/2023\/11\/S-MO-0W20-C5-Descriptif-768x638.png 768w, https:\/\/barrelubrifiant.com\/wp-content\/uploads\/2023\/11\/S-MO-0W20-C5-Descriptif-700x581.png 700w, https:\/\/barrelubrifiant.com\/wp-content\/uploads\/2023\/11\/S-MO-0W20-C5-Descriptif.png 1083w\" sizes=\"auto, (max-width: 1024px) 100vw, 1024px\" \/><\/figure>\n\n<\/div>\n\n<div class=\"gb-container gb-container-0c4ba3ce\">\n\n<p>S-MO 0W-20 C5 est une huile moteur aux performances sup\u00e9rieures, qui permet une \u00e9conomie de carburant. Elle convient pour les moteurs essence et diesel des voitures de tourisme et v\u00e9hicules utilitaires lorsque le constructeur recommande un lubrifiant de grade SAE 0W-20 r\u00e9pondant \u00e0 la norme ACEA C5.<br>S-MO 0W-20 C5 convient tout particuli\u00e8rement pour les mod\u00e8les du groupe VW EURO 6 exigeant la sp\u00e9cification <strong>VW 508.00 \/ 509.00<\/strong>.<\/p>\n\n<\/div><\/div>\n\n\n\n<div class=\"wp-block-column is-layout-flow wp-block-column-is-layout-flow\" style=\"flex-basis:33.33%\"><div class=\"wp-block-image\">\n<figure class=\"alignright size-large is-resized\"><img loading=\"lazy\" decoding=\"async\" width=\"589\" height=\"1024\" src=\"http:\/\/barrelubrifiant.com\/wp-content\/uploads\/2023\/11\/Bidon-5L-S-MO-0W20-C5-589x1024.png\" alt=\"\" class=\"wp-image-185\" style=\"aspect-ratio:0.5751953125;object-fit:cover;width:295px\" srcset=\"https:\/\/barrelubrifiant.com\/wp-content\/uploads\/2023\/11\/Bidon-5L-S-MO-0W20-C5-589x1024.png 589w, https:\/\/barrelubrifiant.com\/wp-content\/uploads\/2023\/11\/Bidon-5L-S-MO-0W20-C5-600x1043.png 600w, https:\/\/barrelubrifiant.com\/wp-content\/uploads\/2023\/11\/Bidon-5L-S-MO-0W20-C5-173x300.png 173w, https:\/\/barrelubrifiant.com\/wp-content\/uploads\/2023\/11\/Bidon-5L-S-MO-0W20-C5-768x1335.png 768w, https:\/\/barrelubrifiant.com\/wp-content\/uploads\/2023\/11\/Bidon-5L-S-MO-0W20-C5-883x1536.png 883w, https:\/\/barrelubrifiant.com\/wp-content\/uploads\/2023\/11\/Bidon-5L-S-MO-0W20-C5-1178x2048.png 1178w, https:\/\/barrelubrifiant.com\/wp-content\/uploads\/2023\/11\/Bidon-5L-S-MO-0W20-C5-700x1217.png 700w, https:\/\/barrelubrifiant.com\/wp-content\/uploads\/2023\/11\/Bidon-5L-S-MO-0W20-C5.png 1723w\" sizes=\"auto, (max-width: 589px) 100vw, 589px\" \/><\/figure>\n<\/div><\/div>\n<\/div>\n","protected":false},"excerpt":{"rendered":"<p>Barrel E-MO 0W-20 C5 est une huile moteur aux performances sup\u00e9rieures, qui permet une \u00e9conomie de carburant. Elle convient pour les moteurs essence et diesel des voitures de tourisme et v\u00e9hicules utilitaires lorsque le constructeur recommande un lubrifiant de grade SAE 0W-20 r\u00e9pondant \u00e0 la&#8230;<\/p>\n","protected":false},"author":1,"featured_media":0,"parent":0,"menu_order":0,"comment_status":"closed","ping_status":"closed","template":"","meta":{"footnotes":""},"class_list":["post-85","page","type-page","status-publish","hentry"],"_links":{"self":[{"href":"https:\/\/barrelubrifiant.com\/index.php\/wp-json\/wp\/v2\/pages\/85","targetHints":{"allow":["GET"]}}],"collection":[{"href":"https:\/\/barrelubrifiant.com\/index.php\/wp-json\/wp\/v2\/pages"}],"about":[{"href":"https:\/\/barrelubrifiant.com\/index.php\/wp-json\/wp\/v2\/types\/page"}],"author":[{"embeddable":true,"href":"https:\/\/barrelubrifiant.com\/index.php\/wp-json\/wp\/v2\/users\/1"}],"replies":[{"embeddable":true,"href":"https:\/\/barrelubrifiant.com\/index.php\/wp-json\/wp\/v2\/comments?post=85"}],"version-history":[{"count":26,"href":"https:\/\/barrelubrifiant.com\/index.php\/wp-json\/wp\/v2\/pages\/85\/revisions"}],"predecessor-version":[{"id":2042,"href":"https:\/\/barrelubrifiant.com\/index.php\/wp-json\/wp\/v2\/pages\/85\/revisions\/2042"}],"wp:attachment":[{"href":"https:\/\/barrelubrifiant.com\/index.php\/wp-json\/wp\/v2\/media?parent=85"}],"curies":[{"name":"wp","href":"https:\/\/api.w.org\/{rel}","templated":true}]}}